(-35).
-4
Let v(y) = 84*y**2 - 659*y - 986. Calculate v(9).
-113
Let r(a) = 7*a**3 + 136*a**2 - 3611*a - 47. Give r(15).
13
Let q(s) = s**3 - 6*s**2 - 47*s - 2375. Give q(17).
5
Let a(v) = 1540*v + 58519. What is a(-38)?
-1
Let a(s) = 182*s**2 + 41*s - 157. Calculate a(4).
2919
Let k(r) = -1241728*r + 2. Calculate k(0).
2
Let y(p) = -10*p**3 + 113*p**2 + 17*p - 464. Determine y(11).
86
Let z(n) = -n**2 - 17*n + 1277. Give z(-50).
-373
Let p(b) = 233*b**2 - 76*b + 77. Calculate p(1).
234
Let t(q) = 1058*q + 195731. Determine t(-185).
1
Let y(o) = 985*o + 137910. Give y(-140).
10
Let l(u) = -2230*u - 211873. Calculate l(-95).
-23
Let x(z) = 47*z**3 - 752*z**2 + 12*z - 52. What is x(16)?
140
Let w(v) = -872*v**2 - 30518*v + 150. Give w(-35).
80
Let c(f) = -14*f**3 + 23341*f**2 - 5019*f + 30003. What is c(1667)?
-3
Let c(a) = -197*a + 163. What is c(4)?
-625
Let z(b) = -4*b**3 + 9*b**2 + 16*b + 2. Determine z(-6).
1094
Let z(b) = 4*b**3 + 109*b**2 - 780*b + 1321. Calculate z(4).
201
Let a(j) = 2*j**2 - 78861*j + 7159793. Calculate a(91).
4
Let n(m) = m**2 + 7*m - 94. Determine n(0).
-94
Let f(a) = -4*a**2 - 18946*a - 245898. Determine f(-13).
-276
Let a(m) = -m**3 - 12*m**2 - 17*m + 95. Give a(-5).
5
Let p(a) = -a**2 - 1244*a - 18506. Give p(-15).
-71
Let q(s) = s**3 + 160*s**2 + 1488*s - 56. Give q(-10).
64
Let r(j) = -1107*j - 142811. What is r(-129)?
-8
Let h(l) = l**3 - 238*l**2 - 20*l - 30. Give h(0).
-30
Let p(n) = 133724*n + 802343. Determine p(-6).
-1
Let r(t) = -3*t**2 + 2088*t + 40150. Calculate r(-19).
-605
Let d(x) = 11*x**3 - 1301*x**2 - 947*x - 263. Determine d(119).
332
Let z(n) = 81*n**3 + 2998*n**2 + 51*n + 95. What is z(-37)?
-423
Let s(x) = 52299*x + 104674. Calculate s(-2).
76
Let s(t) = 19*t**2 - 19*t - 150. Give s(-5).
420
Let h(o) = -689*o**2 + 11432*o - 65. Give h(17).
-4842
Let c(l) = 4*l**3 - 78*l**2 + 68*l - 631. What is c(19)?
-61
Let r(d) = 59628*d - 43. Determine r(0).
-43
Let v(f) = -1012*f + 27106. Calculate v(27).
-218
Let v(k) = 2*k**3 + 2*k**2 + 547*k - 228. What is v(0)?
-228
Let f(r) = -r**3 + 102*r**2 - 69*r + 7741. Calculate f(102).
703
Let j(w) = 55*w**2 + 2852*w - 408. Calculate j(-52).
8
Let p(n) = 2*n**3 - 67*n**2 - 100*n + 2137. Determine p(34).
-107
Let i(g) = 2*g**2 - 1502*g + 220428. Calculate i(200).
28
Let v(t) = -t**3 + 82*t**2 + 239*t + 9027. Give v(86).
-3
Let v(g) = -119*g**2 - 2381*g - 8. Determine v(-20).
12
Let s(a) = -247*a + 165012. What is s(668)?
16
Let t(a) = 15503*a + 48589. What is t(-3)?
2080
Let k(c) = 53700*c - 1664666. What is k(31)?
34
Let q(y) = 2*y**2 - 498*y + 16579. What is q(210)?
199
Let b(m) = 4*m**2 - 541*m - 10173. Determine b(152).
11
Let u(d) = -d**3 + 58*d**2 - 877*d + 50900. Determine u(58).
34
Let r(l) = -30*l**2 - 2727*l + 3042. Calculate r(-92).
6
Let n(d) = 3425*d - 34203. Give n(10).
47
Let j(t) = -3*t**2 - 542*t - 1318. Determine j(-178).
106
Let q(f) = 15*f**2 - 1106*f + 19106. What is q(46)?
-30
Let d(v) = -18*v**2 + 2528*v - 1148. Give d(140).
-28
Let u(h) = 193*h - 6020. Calculate u(29).
-423
Let w(c) = -c**3 + 15*c**2 + 338*c + 233. What is w(-12)?
65
Let i(r) = r**2 - 29549*r + 88644. What is i(3)?
6
Let x(t) = -2*t**2 + 154*t + 274540. Calculate x(-334).
-8
Let s(c) = c**2 + 2568*c - 80624. Calculate s(31).
-55
Let q(g) = -89*g + 985. Give q(13).
-172
Let z(i) = -i**3 - 50*i**2 - 568*i - 73. Calculate z(-23).
-1292
Let o(x) = 10*x**2 + 12320*x + 73765. Calculate o(-6).
205
Let p(t) = -165*t**3 + 3*t**2 - 353*t - 709. Determine p(-2).
1329
Let l(g) = -g**2 - 154*g + 8134. Give l(41).
139
Let t(h) = -63*h**3 - 497*h**2 - 712*h + 9. What is t(-6)?
-3
Let b(p) = -85476*p + 341900. Determine b(4).
-4
Let r(i) = i**2 - 4875*i + 449411. Calculate r(94).
-3
Let p(w) = -9*w**2 - 6014*w + 10654. Give p(-670).
-66
Let t(n) = 2*n**3 - 3*n**2 + 561*n + 5543. Determine t(-10).
-2367
Let q(c) = -54556*c + 109107. Calculate q(2).
-5
Let s(a) = -a**3 + 61*a**2 + 391*a - 24399. Give s(61).
-548
Let f(w) = 12578*w - 98820. Give f(8).
1804
Let u(n) = 343562*n - 687031. Give u(2).
93
Let s(y) = -68538*y + 274127. Calculate s(4).
-25
Let t(m) = -13227*m + 145391. Determine t(11).
-106
Let n(t) = 10*t**3 - 39*t**2 + 50*t - 67. What is n(3)?
2
Let n(i) = -i**3 - 6*i**2 - 2425*i - 27161. Determine n(-11).
119
Let p(z) = 2*z**3 + 1437*z**2 - 8690*z - 6. Give p(6).
18
Let f(c) = -183018*c + 1098186. What is f(6)?
78
Let h(i) = -i**3 + 1478*i**2 - 19175*i + 1693. Give h(13).
3
Let f(w) = -110*w**2 + 3429*w - 676. Determine f(31).
-87
Let i(f) = 1492*f - 523696. What is i(351)?
-4
Let r(p) = -44932*p + 359461. Calculate r(8).
5
Let t(v) = -21366*v - 6003842. Determine t(-281).
4
Let d(n) = n**3 - 31*n**2 + 3*n - 4626. Give d(0).
-4626
Let a(g) = g**3 - 32*g**2 - 316*g - 208. Give a(40).
-48
Let u(k) = -4*k**3 - 3279*k**2 + 1558*k + 605156. What is u(-820)?
-4
Let v(r) = 575*r + 107813. Determine v(-187).
288
Let j(q) = -187*q - 1490. Determine j(-9).
193
Let q(y) = y**3 + 10*y**2 - 3*y - 132. Give q(0).
-132
Let i(y) = 5577*y - 155803. Calculate i(28).
353
Let g(k) = 34*k**2 + 4964*k + 132. Determine g(-146).
132
Let s(i) = i**3 - 23*i**2 - 32*i - 391. Calculate s(25).
59
Let n(t) = -2*t**3 + 561*t**2 - 7727*t + 3454. Calculate n(266).
-4
Let x(f) = 2*f**3 + 116*f**2 - 367*f - 106. Determine x(-61).
-45
Let y(k) = -2*k**3 - 68*k**2 + 96*k + 1396. Determine y(-35).
486
Let w(n) = -13174*n + 1040745. Determine w(79).
-1
Let j(g) = 68*g**2 + 4*g - 53. What is j(0)?
-53
Let n(x) = -x**3 - 77*x**2 - 733*x - 505. Calculate n(-66).
-43
Let s(t) = -t**2 + 574*t - 80769. Calculate s(329).
-164
Let j(w) = -w**3 - 9*w**2 - 164*w + 879. Calculate j(4).
15
Let d(b) = -11*b**2 - 181*b + 30651. What is d(45)?
231
Let v(m) = -8*m**3 - 182*m**2 + 331*m + 57. Give v(2).
-73
Let w(z) = 3*z**3 + 51*z**2 - 391*z - 91. Calculate w(6).
47
Let s(m) = 4*m**3 + 187*m**2 - 259*m - 796. Determine s(-48).
116
Let o(m) = 11*m - 1058. What is o(-11)?
-1179
Let m(r) = -139941*r + 1119452. Give m(8).
-76
Let f(s) = 778*s - 53646. Give f(69).
36
Let q(f) = -992*f**2 + 43644*f + 165. What is q(44)?
-11
Let i(h) = -3917179*h - 62674863. Calculate i(-16).
1
Let s(g) = -644*g**3 - 3*g**2 - g + 6. What is s(1)?
-642
Let y(x) = 2*x**3 + 117*x**2 + 438*x - 1154. What is y(-6)?
-2
Let f(j) = -2*j**3 - 16*j**2 + 492*j + 1401. What is f(-19)?
-5
Let w(j) = 39*j**2 + 498*j + 1695. Calculate w(-5).
180
Let i(b) = 441*b - 8631. What is i(29)?
4158
Let d(i) = 5*i**3 - 62*i**2 - 8*i + 146. Give d(12).
-238
Let b(g) = -6*g**2 - 334758*g - 5689152. Calculate b(-17).
0
Let k(j) = -j**3 - 45*j**2 - 564*j - 1407. Calculate k(-24).
33
Let v(u) = -2*u**2 + 460*u - 15263. Calculate v(190).
-63
Let m(i) = 2*i**3 - 172*i**2 + 3456*i - 32. Give m(32).
-32
Let n(k) = -k**3 - 48*k**2 - 206*k - 1349. What is n(-44)?
-29
Let r(j) = j**3 - 15*j**2 - 147*j + 255. What is r(-9)?
-366
Let x(k) = 625*k + 24538. Determine x(-40).
-462
Let o(n) = n**3 - 44*n**2 - 285*n - 39. What is o(50)?
711
Let h(i) = -i**2 - 62012*i - 434084. What is h(-7)?
-49
Let r(a) = -5*a - 740. What is r(39)?
-935
Let m(j) = -3*j**2 + 153*j - 817. Calculate m(45).
-7
Let b(j) = -2*j**3 + 25851*j**2 + 232818*j - 20. Calculate b(-9).
7
Let p(z) = 174*z - 34439. Calculate p(198).
13
Let j(k) = 44947*k - 3415970. Give j(76).
2
Let v(y) = -y**3 - 526*y**2 - 5656*y + 90. Give v(-11).
-9
Let p(u) = -u**2 - 9024*u + 63221. Calculate p(7).
4
Let s(u) = 40*u**2 - 6847*u + 1100. Calculate s(171).
-97
Let f(v) = 13*v**2 - 5187*v - 36942. What is f(406)?
4
Let p(f) = -3*f**2 - 1181*f - 96132. What is p(-115)?
8
Let s(j) = -j**2 + 213*j - 8490. Calculate s(53).
-10
Let n(z) = -19*z**2 - 791*z + 9643. Calculate n(10).
-167
Let l(m) = -147*m**2 + 15464*m - 89. Calculate l(105).
2956
Let k(o) = 16*o**2 - 465*o - 572. Calculate k(34).
2114
Let g(f) = -863*f - 57930. Calculate g(-67).
-109
Let d(i) = -7*i**3 - 362*i**2 - 4315*i + 212. Calculate d(-33).
-52
Let c(z) = -4556*z - 8002. Determine c(-2).
1110
Let a(o) = 5*o**2 - 1436*o + 8950. Give a(281).
239
Let q(g) = -7*g**2 - 8954*g + 35795. Calculate q(4).
-133
Let u(r) = -83*r - 1540. What is u(-20)?
120
Let t(m) = -19*m**2 - 71*m + 310. What is t(5)?
-520
Let j(p) = 3090*p + 410947. Give j(-133).
-23
Let c(t) = -29*t**2 + 15*t - 77. Calc